{"id":422,"date":"2023-03-08T20:59:33","date_gmt":"2023-03-08T19:59:33","guid":{"rendered":"https:\/\/club-informatique-chapelle-rablais.fr\/?page_id=422"},"modified":"2025-09-30T19:25:49","modified_gmt":"2025-09-30T17:25:49","slug":"evenements-a-venir","status":"publish","type":"page","link":"https:\/\/club-informatique-chapelle-rablais.fr\/index.php\/evenements-a-venir\/","title":{"rendered":"Ev\u00e8nements \u00e0 Venir"},"content":{"rendered":"\n<h2 class=\"wp-block-heading has-text-align-center has-black-color has-pale-ocean-gradient-background has-text-color has-background has-x-large-font-size\" style=\"text-transform:capitalize\">Assembl\u00e9e G\u00e9n\u00e9rale 2026<\/h2>\n\n\n\n<p><\/p>\n\n\n\n<p class=\"has-text-align-center has-black-color has-text-color has-medium-font-size\">L&rsquo;assembl\u00e9e G\u00e9n\u00e9rale du Club aura lieu le <strong>10 janvier 2026 \u00e0 15 h 00 <\/strong>suivie d&rsquo;une d\u00e9gustation de galette.<\/p>\n\n\n\n<p><\/p>\n\n\n<div class=\"wp-block-image\">\n<figure class=\"aligncenter size-full is-resized\"><img loading=\"lazy\" decoding=\"async\" width=\"200\" height=\"108\" src=\"https:\/\/club-informatique-chapelle-rablais.fr\/wp-content\/uploads\/2023\/03\/cropped-vignette-logo-200x108px.jpg\" alt=\"\" class=\"wp-image-445\" style=\"width:528px;height:285px\"\/><\/figure><\/div>\n\n\n<p><\/p>\n\n\n\n<p><\/p>\n\n\n\n<p><\/p>\n\n\n\n<p><\/p>\n\n\n\n<p><\/p>\n\n\n\n<p><\/p>\n","protected":false},"excerpt":{"rendered":"<p>Assembl\u00e9e G\u00e9n\u00e9rale 2026 L&rsquo;assembl\u00e9e G\u00e9n\u00e9rale du Club aura lieu le 10 janvier 2026 \u00e0 15 h 00 suivie d&rsquo;une d\u00e9gustation de galette.<\/p>\n","protected":false},"author":4,"featured_media":0,"parent":0,"menu_order":0,"comment_status":"closed","ping_status":"closed","template":"","meta":{"footnotes":""},"class_list":["post-422","page","type-page","status-publish","hentry"],"_links":{"self":[{"href":"https:\/\/club-informatique-chapelle-rablais.fr\/index.php\/wp-json\/wp\/v2\/pages\/422","targetHints":{"allow":["GET"]}}],"collection":[{"href":"https:\/\/club-informatique-chapelle-rablais.fr\/index.php\/wp-json\/wp\/v2\/pages"}],"about":[{"href":"https:\/\/club-informatique-chapelle-rablais.fr\/index.php\/wp-json\/wp\/v2\/types\/page"}],"author":[{"embeddable":true,"href":"https:\/\/club-informatique-chapelle-rablais.fr\/index.php\/wp-json\/wp\/v2\/users\/4"}],"replies":[{"embeddable":true,"href":"https:\/\/club-informatique-chapelle-rablais.fr\/index.php\/wp-json\/wp\/v2\/comments?post=422"}],"version-history":[{"count":7,"href":"https:\/\/club-informatique-chapelle-rablais.fr\/index.php\/wp-json\/wp\/v2\/pages\/422\/revisions"}],"predecessor-version":[{"id":489,"href":"https:\/\/club-informatique-chapelle-rablais.fr\/index.php\/wp-json\/wp\/v2\/pages\/422\/revisions\/489"}],"wp:attachment":[{"href":"https:\/\/club-informatique-chapelle-rablais.fr\/index.php\/wp-json\/wp\/v2\/media?parent=422"}],"curies":[{"name":"wp","href":"https:\/\/api.w.org\/{rel}","templated":true}]}}